{"id":125,"date":"2009-11-23T22:47:09","date_gmt":"2009-11-23T20:47:09","guid":{"rendered":"http:\/\/www.napapiirinpantterit.net\/?page_id=125"},"modified":"2024-09-24T23:57:33","modified_gmt":"2024-09-24T20:57:33","slug":"yhteystiedot","status":"publish","type":"page","link":"https:\/\/napapiirinpantterit.net\/?page_id=125","title":{"rendered":"Yhteystiedot"},"content":{"rendered":"<h2><strong>Napapiirin Pantterit:<\/strong><\/h2>\n<p><strong>Puheenjohtaja<\/strong>:<\/p>\n<p>Hannu Uimaniemi, 0400-906614<\/p>\n<p>puheenjohtaja(\u00e4t)napapiirinpantterit.net<br \/>\nHietakummuntie 11<br \/>\n96190 Rovaniemi<\/p>\n<p><strong>Valmennus- ja juniorip\u00e4\u00e4llikk\u00f6<\/strong>:<\/p>\n<p>Esa Ronkainen, 040-8412949<\/p>\n<p>junioripaallikko(\u00e4t)napapiirinpantterit.net<\/p>\n<h2><\/h2>\n<h2><strong>Napapiirin Panttereiden hallitus<\/strong><\/h2>\n<p>Puheenjohtaja<strong>:<\/strong>\u00a0 Hannu Uimaniemi<\/p>\n<p>Varapuheenjohtaja: Risto Aaltonen<\/p>\n<p>Sihteeri: Katja Martinm\u00e4ki<\/p>\n<p>Hallituksen j\u00e4senet: Risto Aaltonen, Katja Martinm\u00e4ki, Ville M\u00f6ll\u00e4ri, Esa Ronkainen ja Minna Tapio<\/p>\n<p><span style=\"font-size: revert; color: initial;\">Hallituksen varaj\u00e4senet: Heidi Koivisto ja Henna Poikaj\u00e4rvi<\/span><\/p>\n","protected":false},"excerpt":{"rendered":"<p>Napapiirin Pantterit: Puheenjohtaja: Hannu Uimaniemi, 0400-906614 puheenjohtaja(\u00e4t)napapiirinpantterit.net Hietakummuntie 11 96190 Rovaniemi Valmennus- ja juniorip\u00e4\u00e4llikk\u00f6: Esa Ronkainen, 040-8412949 junioripaallikko(\u00e4t)napapiirinpantterit.net Napapiirin Panttereiden hallitus Puheenjohtaja:\u00a0 Hannu Uimaniemi Varapuheenjohtaja: Risto Aaltonen Sihteeri: Katja Martinm\u00e4ki Hallituksen j\u00e4senet: Risto Aaltonen, Katja Martinm\u00e4ki, Ville M\u00f6ll\u00e4ri, Esa Ronkainen ja Minna Tapio Hallituksen varaj\u00e4senet: Heidi Koivisto ja Henna Poikaj\u00e4rvi<\/p>\n","protected":false},"author":1,"featured_media":0,"parent":74,"menu_order":0,"comment_status":"closed","ping_status":"closed","template":"","meta":{"footnotes":""},"class_list":["post-125","page","type-page","status-publish","hentry"],"_links":{"self":[{"href":"https:\/\/napapiirinpantterit.net\/index.php?rest_route=\/wp\/v2\/pages\/125","targetHints":{"allow":["GET"]}}],"collection":[{"href":"https:\/\/napapiirinpantterit.net\/index.php?rest_route=\/wp\/v2\/pages"}],"about":[{"href":"https:\/\/napapiirinpantterit.net\/index.php?rest_route=\/wp\/v2\/types\/page"}],"author":[{"embeddable":true,"href":"https:\/\/napapiirinpantterit.net\/index.php?rest_route=\/wp\/v2\/users\/1"}],"replies":[{"embeddable":true,"href":"https:\/\/napapiirinpantterit.net\/index.php?rest_route=%2Fwp%2Fv2%2Fcomments&post=125"}],"version-history":[{"count":9,"href":"https:\/\/napapiirinpantterit.net\/index.php?rest_route=\/wp\/v2\/pages\/125\/revisions"}],"predecessor-version":[{"id":6817,"href":"https:\/\/napapiirinpantterit.net\/index.php?rest_route=\/wp\/v2\/pages\/125\/revisions\/6817"}],"up":[{"embeddable":true,"href":"https:\/\/napapiirinpantterit.net\/index.php?rest_route=\/wp\/v2\/pages\/74"}],"wp:attachment":[{"href":"https:\/\/napapiirinpantterit.net\/index.php?rest_route=%2Fwp%2Fv2%2Fmedia&parent=125"}],"curies":[{"name":"wp","href":"https:\/\/api.w.org\/{rel}","templated":true}]}}