{"id":6152,"date":"2022-09-09T16:10:56","date_gmt":"2022-09-09T13:10:56","guid":{"rendered":"https:\/\/napapiirinpantterit.net\/?page_id=6152"},"modified":"2023-05-09T17:53:00","modified_gmt":"2023-05-09T14:53:00","slug":"toimintakasikirja","status":"publish","type":"page","link":"https:\/\/napapiirinpantterit.net\/?page_id=6152","title":{"rendered":"Toimintak\u00e4sikirja"},"content":{"rendered":"\n<p><\/p>\n\n\n\n<p class=\"has-medium-font-size\"><strong>Seuran tiedot ja toiminnan tavoitteet<\/strong><\/p>\n\n\n\n<p>Napapiirin Pantterit on Rovaniemel\u00e4inen j\u00e4\u00e4kiekkoseura, joka on perustettu vuonna 2000.<\/p>\n\n\n\n<p>Yhdistyksen tarkoituksena on edist\u00e4\u00e4 liikuntaa ja urheilua sek\u00e4 niihin liittyv\u00e4\u00e4 kansalaistoimintaa yhdistyksen toiminta-alueella siten, ett\u00e4 mahdollisimman monella on mahdollisuus harrastaa ja osallistua kunto- ja terveysliikuntaan, kilpa- ja huippu-urheiluun tai n\u00e4ihin liittyv\u00e4\u00e4n yhdistystoimintaan edellytystens\u00e4 sek\u00e4 tarpeidensa mukaisesti.<\/p>\n\n\n\n<p>Napapiirin Panttereiden ydintoimintaan kuuluvat: luistelukoulu, kiekkokoulu, ik\u00e4kausijoukkuetoiminta, ik\u00e4miestoiminta sek\u00e4 harrastekiekkotoiminta.<\/p>\n\n\n\n<p>Seuran tiedot:<\/p>\n\n\n\n<p>Nimi: Napapiirin Pantterit ry<\/p>\n\n\n\n<p>Osoite: Hietakummuntie 11, 96190 Rovaniemi<\/p>\n\n\n\n<p>Kotipaikkakunta: Rovaniemi<\/p>\n\n\n\n<p>Kotisivut: <a href=\"http:\/\/www.napapiirinpantterit.net\">www.napapiirinpantterit.net<\/a><\/p>\n\n\n\n<p>S\u00e4hk\u00f6posti: <a href=\"mailto:info@napapiirinpantterit.net\">info@napapiirinpantterit.net<\/a><\/p>\n\n\n\n<p>Y-tunnus: 2698074-8<\/p>\n\n\n\n<p>Pankkitili: OKOYFIHH, FI1756420320041885<\/p>\n\n\n\n<p><\/p>\n\n\n\n<p class=\"has-medium-font-size\"><strong>Seuran toimintaa ohjaavat arvot ja visio<\/strong><\/p>\n\n\n\n<p>Napapiirin Panttereiden arvot:<\/p>\n\n\n\n<ul class=\"wp-block-list\">\n<li>Yhteis\u00f6llisyys<\/li>\n\n\n\n<li>Luotettavuus<\/li>\n\n\n\n<li>Positiivisuus<\/li>\n\n\n\n<li>V\u00e4litt\u00e4minen<\/li>\n<\/ul>\n\n\n\n<p>Napapiirin Panttereiden visio:<\/p>\n\n\n\n<p>Napapiirin Pantterit on kokoansa merkitt\u00e4v\u00e4mpi koko perheen liikuttaja, joka edist\u00e4\u00e4 liikunnan ja urheilun harrastamista l\u00e4pi el\u00e4m\u00e4n.<\/p>\n\n\n\n<p><\/p>\n\n\n\n<p class=\"has-medium-font-size\"><strong>Napapiirin Panttereiden toimintaymp\u00e4rist\u00f6<\/strong><\/p>\n\n\n\n<p>Napapiirin Pantterit toimii Rovaniemell\u00e4 ja harjoitus sek\u00e4 pelitapahtumat sijoittuvat p\u00e4\u00e4asiassa Ounasvaaralle, Lappi Areenan j\u00e4\u00e4hallin ymp\u00e4rist\u00f6\u00f6n. Panttereiden joukkueet osallistuvat Suomen J\u00e4\u00e4kiekkoliiton j\u00e4rjest\u00e4miin sarjoihin.<\/p>\n\n\n\n<p>Rovaniemen kaupungissa toimii aktiivisesti useita urheilutoimintaa tarjoavia seuroja, jotka perustavat toimintansa samojen kohderyhmien harrastamiseen. Rovaniemi on yksi harvoja kasvavia alueita Lapissa ja muualla Lapin alueen kunnissa ik\u00e4luokat ovat pieni\u00e4 ja niist\u00e4 muodostetaan usein useamman ik\u00e4luokan yhdistelm\u00e4joukkueita ja osassa ik\u00e4luokista ei ole omalla alueella riitt\u00e4v\u00e4sti joukkueita. T\u00e4ll\u00f6in Lapin alueen joukkueet osallistuvat yhteisiin sarjoihin Pohjoisen (Oulun alue) alueen kanssa.<\/p>\n\n\n\n<p>Harrastusolosuhteet Rovaniemell\u00e4 ovat hyv\u00e4t, mutta k\u00e4ytt\u00e4j\u00e4ryhmien m\u00e4\u00e4r\u00e4t vaikuttavat merkitt\u00e4v\u00e4sti toiminnan suunnitteluun.<\/p>\n\n\n\n<p>J\u00e4\u00e4kiekkoliiton Lapin aluep\u00e4\u00e4llik\u00f6n toimipiste sijaitsee Rovaniemell\u00e4 ja aluevalmentajan toimipiste Oulussa. J\u00e4\u00e4kiekkoliiton seuroista suurin toimija Lapin alueella on Rovaniemen kiekko ja Pantterit ovat 3-4 suurin seura pelipassien m\u00e4\u00e4r\u00e4ll\u00e4 mitattuna. Harrastepelipassien osalta Pantterit on urheiluseuroista valtakunnallisesti kymmenen suurimman joukossa ja Lapin alueen merkitt\u00e4vin harrastekiekkoseura.<\/p>\n\n\n\n<p>Napapiirin Panttereiden sidosryhmi\u00e4 ovat Rovaniemen kaupunki, Santasport\/ Lapin urheiluopisto, Lapin liikunta ry, Suomen j\u00e4\u00e4kiekkoliitto, Lapin alueen j\u00e4\u00e4kiekkoseurat, Rovaniemell\u00e4 toimivat urheiluseurat.<\/p>\n\n\n\n<p><\/p>\n\n\n\n<p class=\"has-medium-font-size\"><strong>Seuran hallituksen teht\u00e4v\u00e4t ja&nbsp; vastuuhenkil\u00f6iden roolit&nbsp;<\/strong><\/p>\n\n\n\n<p><strong>Hallitus<\/strong>&nbsp;<\/p>\n\n\n\n<ul class=\"wp-block-list\">\n<li>Vastaa seuran toiminnasta ja sen kehitt\u00e4misest\u00e4<\/li>\n\n\n\n<li>Toteuttaa seuran kokouksen p\u00e4\u00e4t\u00f6kset<\/li>\n\n\n\n<li>Vastaa seuran taloudesta yhdess\u00e4 seuran talousvastaavan kanssa<\/li>\n\n\n\n<li>Pit\u00e4\u00e4 j\u00e4senluetteloa<\/li>\n\n\n\n<li>Laatii seuran toimintakertomus ja tilinp\u00e4\u00e4t\u00f6s<\/li>\n\n\n\n<li>Laatii toiminta- ja taloussuunnitelman seuraavaa toimintakautta varten<\/li>\n\n\n\n<li>Hoitaa seuran tiedotustoimintaa<\/li>\n\n\n\n<li>Koordinoi seuran varainhankintaa ja yhteisty\u00f6kumppanuuksia<\/li>\n\n\n\n<li>Hallituksen teht\u00e4vi\u00e4 ohjaa, s\u00e4\u00e4telee ja m\u00e4\u00e4r\u00e4\u00e4 yhdistyslaki, seuran s\u00e4\u00e4nn\u00f6t ja seuran kokousten ohjeet.<\/li>\n\n\n\n<li>Hallituksen j\u00e4senet voivat jakaa kesken\u00e4\u00e4n teht\u00e4vi\u00e4, mutta p\u00e4\u00e4t\u00f6kset hallitus tekee yhdess\u00e4.<\/li>\n\n\n\n<li>Hallitus on vastuussa seuran toiminnasta lakien ja asetusten mukaisesti.<\/li>\n<\/ul>\n\n\n\n<p><strong>Puheenjohtaja<\/strong>&nbsp;<\/p>\n\n\n\n<ul class=\"wp-block-list\">\n<li>Kokousten johtaminen ja tehtyjen p\u00e4\u00e4t\u00f6sten tietoon saattaminen<\/li>\n\n\n\n<li>Toimii seuran ensisijaisena edustajana seuran sidosryhmien tilaisuuksissa<\/li>\n\n\n\n<li>Laatii kokousten esityslistan yhdess\u00e4 sihteerin kanssa<\/li>\n\n\n\n<li>Vastaa kriisiviestinn\u00e4st\u00e4<\/li>\n<\/ul>\n\n\n\n<p><strong>Varapuheenjohtaja<\/strong><\/p>\n\n\n\n<ul class=\"wp-block-list\">\n<li>Vastaa puheenjohtajan teht\u00e4vist\u00e4 t\u00e4m\u00e4n ollessa estynyt<\/li>\n\n\n\n<li>Vastaa seuran j\u00e4\u00e4vuorojen hakemisesta ja jakamisesta joukkueille<\/li>\n\n\n\n<li>Vastaa yhteisty\u00f6kumppanuuksien hallinnasta<\/li>\n<\/ul>\n\n\n\n<p><strong>Hallituksen j\u00e4sen ja varaj\u00e4sen<\/strong><\/p>\n\n\n\n<ul class=\"wp-block-list\">\n<li>Osallistuu hallituksen kokouksiin ja toimintaan<\/li>\n<\/ul>\n\n\n\n<p><strong>Tiedottaja<\/strong><\/p>\n\n\n\n<ul class=\"wp-block-list\">\n<li>Vastaa seuran tiedottamisesta<\/li>\n\n\n\n<li>Toimii seuran nettisivujen yll\u00e4pit\u00e4j\u00e4n\u00e4<\/li>\n<\/ul>\n\n\n\n<p><strong>Talousvastaava<\/strong><\/p>\n\n\n\n<ul class=\"wp-block-list\">\n<li>Vastaa seuran taloudenhoidosta ja maksuliikenteest\u00e4<\/li>\n\n\n\n<li>Tukee ja ohjaa joukkueiden rahastonhoitajien toimintaa<\/li>\n\n\n\n<li>Valmistelee tilinp\u00e4\u00e4t\u00f6ksen<\/li>\n\n\n\n<li>Laatii talousarvion yhdess\u00e4 puheenjohtajan kanssa<\/li>\n<\/ul>\n\n\n\n<p><strong>Sihteeri<\/strong><\/p>\n\n\n\n<ul class=\"wp-block-list\">\n<li>Laatii kokousten esityslistan yhdess\u00e4 puheenjohtajan kanssa<\/li>\n\n\n\n<li>Luo hallituksen kokouskutsun\/tapahtuman MyClubiin<\/li>\n\n\n\n<li>Laatii kokousten p\u00f6yt\u00e4kirjat ja v\u00e4litt\u00e4\u00e4 ne hallitukselle<\/li>\n<\/ul>\n\n\n\n<p><strong>Toiminnanohjausj\u00e4rjestelm\u00e4n (myClyb) p\u00e4\u00e4k\u00e4ytt\u00e4j\u00e4<\/strong><\/p>\n\n\n\n<ul class=\"wp-block-list\">\n<li>Vastaa toiminnanohjausj\u00e4rjestelm\u00e4n yll\u00e4pidosta, kehitt\u00e4misest\u00e4 ja uusien k\u00e4ytt\u00e4jien perehdytt\u00e4misest\u00e4<\/li>\n\n\n\n<li>Vastaa seuran j\u00e4senrekisterist\u00e4<\/li>\n<\/ul>\n\n\n\n<p><strong>Valmennus-\/ juniorip\u00e4\u00e4llikk\u00f6<\/strong><\/p>\n\n\n\n<ul class=\"wp-block-list\">\n<li>Toimii yhteyshenkil\u00f6n\u00e4 J\u00e4\u00e4kiekkoliittoon valmennuksen ja ik\u00e4kausijoukkuetoiminnan osalta<\/li>\n\n\n\n<li>Vastaa seuran valmennuksen ja ohjauksen linjauksesta, kehitt\u00e4misest\u00e4&nbsp; ja yll\u00e4pidosta<\/li>\n\n\n\n<li>Koordinoi valmennustoimintaa ja sen kehitt\u00e4mist\u00e4<\/li>\n<\/ul>\n\n\n\n<p><strong>Materiaalivastaava<\/strong><\/p>\n\n\n\n<ul class=\"wp-block-list\">\n<li>Vastaa seuran pelipaitojen jakamisesta ja kierr\u00e4tt\u00e4misest\u00e4<\/li>\n\n\n\n<li>Koordinoi uusien peliasujen ja varusteiden hankintaa<\/li>\n\n\n\n<li>Koordinoi oheisharjoitteluvarusteiden hankintaa<\/li>\n<\/ul>\n\n\n\n<p class=\"has-medium-font-size\"><strong>Joukkueet<\/strong>&nbsp;<\/p>\n\n\n\n<p>Jokainen joukkue on itsen\u00e4inen osa Napapiirin Pantterit ry:t\u00e4. Jokaisella joukkueella tulee olla omat nimetyt toimihenkil\u00f6t, kuten valmentaja ja joukkueenjohtaja. Toimihenkil\u00f6t hoitavat joukkueen toimintaa seuran toimintaohjeiden mukaisesti sek\u00e4 edustavat seuraa joukkueissa. Joukkueet hankkivat toimihenkil\u00f6ille tarvittavat toimitsijalisenssit. Joukkueen on hankittava toimitsijalisenssit v\u00e4hint\u00e4\u00e4n valmentajille, joukkueenjohtajille sek\u00e4 huoltajille. Muille toimitsijoille hankittavista lisensseist\u00e4 joukkue p\u00e4\u00e4tt\u00e4\u00e4 itse.&nbsp;<\/p>\n\n\n\n<p><strong>Joukkueen toimihenkil\u00f6t&nbsp;<\/strong><\/p>\n\n\n\n<p>Jokaisessa joukkueessa tulee olla nimettyn\u00e4 seuraavat toimihenkil\u00f6t:&nbsp;<\/p>\n\n\n\n<ul class=\"wp-block-list\">\n<li>Valmentaja<\/li>\n\n\n\n<li>Apuvalmentaja(-t)&nbsp;<\/li>\n\n\n\n<li>Joukkueenjohtaja (pelaajien vanhemmat valitsevat keskuudestaan)&nbsp;<\/li>\n\n\n\n<li>Huoltaja (pelaajien vanhemmat valitsevat keskuudestaan)&nbsp;<\/li>\n\n\n\n<li>Rahastonhoitaja (pelaajien vanhemmat valitsevat keskuudestaan)<\/li>\n\n\n\n<li>Kotiotteluiden ensiapuvastaava<\/li>\n<\/ul>\n\n\n\n<p>Joukkue voi halutessaan nimet\u00e4 muita toimitsijoita tai jakaa teht\u00e4vi\u00e4 my\u00f6s useammalle.<\/p>\n\n\n\n<p>Lis\u00e4ksi joukkue tarvitsee otteluita j\u00e4rjestett\u00e4ess\u00e4 henkil\u00f6it\u00e4 lyhytkestoisiin teht\u00e4viin kuten<\/p>\n\n\n\n<ul class=\"wp-block-list\">\n<li>p\u00f6yt\u00e4kirjanpit\u00e4j\u00e4 (vanhemmissa junioreissa tilastopalvelun hoitaja)<\/li>\n\n\n\n<li>kellonk\u00e4ytt\u00e4j\u00e4<\/li>\n\n\n\n<li>kuuluttaja<\/li>\n\n\n\n<li>kaksi j\u00e4\u00e4hyvahtia ja torjuntojen laskijaa<\/li>\n\n\n\n<li>dj<\/li>\n<\/ul>\n\n\n\n<p><strong>Joukkueiden toimihenkil\u00f6iden teht\u00e4v\u00e4t ja vastuualueet:<\/strong><\/p>\n\n\n\n<p><strong>Vastuuvalmentaja\/ valmentaja\/ ohjaaja<\/strong><\/p>\n\n\n\n<ul class=\"wp-block-list\">\n<li>Suunnittelee ja valmistelee joukkueen harjoitukset<\/li>\n\n\n\n<li>Osallistuu aktiivisesti valmentajakoulutuksiin<\/li>\n\n\n\n<li>Valmentaja suunnittelee kausisuunnitelman ja on vastuussa sen toteuttamisesta seuran arvojen ja ohjeistuksen mukaisesti<\/li>\n\n\n\n<li>H\u00e4n laatii yhdess\u00e4 joukkueenjohtajan kanssa toimintasuunnitelman ja toimintakertomuksen, jotka palautetaan seuran hallitukselle sovitusti<\/li>\n\n\n\n<li>Valmentaja on ajan tasalla s\u00e4\u00e4nn\u00f6ist\u00e4 ja s\u00e4\u00e4nt\u00f6muutoksista<\/li>\n<\/ul>\n\n\n\n<p><strong>Joukkueenjohtaja<\/strong><\/p>\n\n\n\n<ul class=\"wp-block-list\">\n<li>Joukkueenjohtaja vastaa joukkueen yleishallinnosta ja s\u00e4\u00e4nt\u00f6jen mukaisuudesta<\/li>\n\n\n\n<li>Toimii yhteyshenkil\u00f6n\u00e4 seuran, valmentajan, pelaajien ja vanhempien v\u00e4lill\u00e4<\/li>\n\n\n\n<li>Kauden aluksi joukkueenjohtaja k\u00e4y l\u00e4pi otteluohjelman ja anoo tarvittaessa pelip\u00e4iv\u00e4n siirtoa\n<ul class=\"wp-block-list\">\n<li>Ohjeet l\u00f6ytyv\u00e4t J\u00e4\u00e4kiekkoliiton palvelusivustolta<\/li>\n<\/ul>\n<\/li>\n\n\n\n<li>Joukkueenjohtaja huolehtii, ett\u00e4 kaikilla pelaajilla on voimassa oleva pelipassi ja vakuutus, joka kattaa j\u00e4\u00e4kiekkoilun<\/li>\n\n\n\n<li>Joukkueenjohtaja p\u00e4ivitt\u00e4\u00e4 kokoonpanot j\u00e4\u00e4kiekkoliiton palvelusivustolle seuralta saamillaan tunnuksilla v\u00e4hint\u00e4\u00e4n 2 tuntia ennen koti- sek\u00e4 vieraspeli\u00e4<\/li>\n\n\n\n<li>Joukkueenjohtaja vastaa vanhempien informoinnista liittyen joukkueen ja seuran toimintaan<\/li>\n\n\n\n<li>Joukkueenjohtaja tekee suunnitelman kotipelien hoitamisesta jakamalla teht\u00e4v\u00e4t tasapuolisesti kaikille vanhemmille<\/li>\n\n\n\n<li>Joukkueenjohtaja laatii toimintasuunnitelman ja toimintakertomuksen yhdess\u00e4 valmentajan kanssa. Joukkueen toimintasuunnitelmassa huomioidaan seuran toimintasuunnitelmassa linjatut asiat.<\/li>\n\n\n\n<li>Joukkueenjohtaja toimii matkanjohtajana ottelu-, turnaus- ja harjoitusmatkoilla sek\u00e4 varaa kuljetukset ja ruokailut<\/li>\n\n\n\n<li>Joukkueenjohtaja ja rahastonhoitaja laativat yhdess\u00e4 joukkueen kausibudjetin<\/li>\n\n\n\n<li>Joukkueenjohtajan johdolla toimihenkil\u00f6t p\u00e4\u00e4tt\u00e4v\u00e4t joukkueen kuukausimaksuista budjetin perusteella<\/li>\n<\/ul>\n\n\n\n<p><strong>Huoltaja<\/strong><\/p>\n\n\n\n<ul class=\"wp-block-list\">\n<li>Huoltaja neuvoo ja auttaa pelaajia ja vanhempia j\u00e4\u00e4kiekkovarusteiden kanssa<\/li>\n\n\n\n<li>Huoltaja vastaa joukkueen v\u00e4linehuollosta<\/li>\n\n\n\n<li>Huoltaja vastaa joukkueen luistinten teroittamisesta sek\u00e4 ensiavun antamisesta harjoituksissa ja otteluissa<\/li>\n<\/ul>\n\n\n\n<p><strong>Rahastonhoitaja<\/strong><\/p>\n\n\n\n<ul class=\"wp-block-list\">\n<li>Rahastonhoitaja laatii yhdess\u00e4 joukkueenjohtajan kanssa joukkueen talousarvion ja on vastuussa sen toteuttamisesta<\/li>\n\n\n\n<li>Rahastonhoitaja vastaa laskutuksesta ja maksuliikenteen seurannasta\n<ul class=\"wp-block-list\">\n<li>kuukausimaksut, sponsorimaksut ym. maksut<\/li>\n<\/ul>\n<\/li>\n\n\n\n<li>Rahastonhoitaja laatii kauden lopulla tilinp\u00e4\u00e4t\u00f6ksen<\/li>\n\n\n\n<li>Rahastonhoitaja on joukkueen Myclubin k\u00e4ytt\u00e4j\u00e4<\/li>\n<\/ul>\n\n\n\n<p><strong>Pelaaja<\/strong><\/p>\n\n\n\n<ul class=\"wp-block-list\">\n<li>Noudattaa joukkueen yhdess\u00e4 laatimia pelis\u00e4\u00e4nt\u00f6j\u00e4 ja SJL:n Kunnioita peli\u00e4 -s\u00e4\u00e4nt\u00f6j\u00e4<\/li>\n\n\n\n<li>Ilmoittaa osallistumisestaan joukkueen tapahtumiin<\/li>\n<\/ul>\n\n\n\n<p><strong>Vanhempi<\/strong><\/p>\n\n\n\n<ul class=\"wp-block-list\">\n<li>Innostaa<\/li>\n\n\n\n<li>Osallistuu<\/li>\n\n\n\n<li>Kasvattaa<\/li>\n\n\n\n<li>K\u00e4ytt\u00e4ytyy<\/li>\n<\/ul>\n\n\n\n<p><strong>Joukkue-\/ryhm\u00e4kohtaiset pelis\u00e4\u00e4nn\u00f6t:<\/strong><\/p>\n\n\n\n<p><strong>Vanhempainkokoukset<\/strong><\/p>\n\n\n\n<p>Joukkue j\u00e4rjest\u00e4\u00e4 v\u00e4hint\u00e4\u00e4n kaksi vanhempainpalaveria yhden kauden alussa ja toisen kauden lopussa. Kauden lopussa palaverin aiheena on my\u00f6s seuraavan kauden suunnittelu.<\/p>\n\n\n\n<p><strong>Talous: maksut ja varainhankinta<\/strong><\/p>\n\n\n\n<p>Joukkue laatii toiminnalleen budjetin ja m\u00e4\u00e4rittelee tarvittavat kuukausimaksut.<\/p>\n\n\n\n<ul class=\"wp-block-list\">\n<li>Toimintamaksuja perit\u00e4\u00e4n silt\u00e4 ajalta kuin toimintaa j\u00e4rjestet\u00e4\u00e4n<\/li>\n\n\n\n<li>Toimintamaksua perit\u00e4\u00e4n vain sen verran kuin on tarpeen joukkueen toiminnan py\u00f6ritt\u00e4miseksi<\/li>\n\n\n\n<li>Mik\u00e4li pelaaja osallistuu suunnitellusti vain tiettyyn osaan toiminnasta, voi joukkue m\u00e4\u00e4ritell\u00e4 pelaajalle mukautetun toimintamaksun&nbsp;<\/li>\n\n\n\n<li>Joukkue m\u00e4\u00e4rittelee itse varainhankintatavat.\n<ul class=\"wp-block-list\">\n<li>Varainhankintaa tehd\u00e4\u00e4n koko joukkueen hyv\u00e4ksi ja siin\u00e4 noudatetaan verottajan ohjeistusta talkooty\u00f6st\u00e4 ja varainhankinnasta.<\/li>\n<\/ul>\n<\/li>\n<\/ul>\n\n\n\n<p><strong>Palautekyselyt<\/strong><\/p>\n\n\n\n<p>Joukkue toteuttaa seuran m\u00e4\u00e4ritt\u00e4m\u00e4n\u00e4 ajankohtana palautekyselyt toiminnassa mukana oleville pelaajille, toimihenkil\u00f6ille ja vanhemmille. Palautekyselyiden tulokset k\u00e4sitell\u00e4\u00e4n joukkueen vanhempainpalavereissa ja niiden perusteella kehitet\u00e4\u00e4n toimintaa.<\/p>\n\n\n\n<p><strong>Joukkueen s\u00e4\u00e4nn\u00f6t<\/strong><\/p>\n\n\n\n<p>Joukkue laatii\/ p\u00e4ivitt\u00e4\u00e4 s\u00e4\u00e4nn\u00f6t vuosittain kauden alussa yhdess\u00e4 pelaajien (ja vanhempien) kanssa<\/p>\n\n\n\n<p><strong>Reilun pelin periaatteet<\/strong><\/p>\n\n\n\n<p>Toimimme Panttereissa reilun pelin periaatteiden mukaisesti ja ne tulee huomioida joukkueiden kausisuunnitelmia laadittaessa<\/p>\n\n\n\n<ol class=\"wp-block-list\">\n<li>Jokaisella on tasavertainen mahdollisuus liikuntaan ja urheiluun<\/li>\n\n\n\n<li>Kannamme osaltamme vastuun kasvatuksesta<\/li>\n\n\n\n<li>Edist\u00e4mme toiminnallamme terveytt\u00e4, turvallisuutta ja hyvinvointia<\/li>\n\n\n\n<li>Olemme rehellisi\u00e4 ja oikeudenmukaisia<\/li>\n\n\n\n<li>Kunnioitamme luontoa ja pyrimme edist\u00e4m\u00e4\u00e4n kest\u00e4v\u00e4\u00e4 kehityst\u00e4<\/li>\n<\/ol>\n\n\n\n<p class=\"has-medium-font-size\"><strong>K\u00e4yt\u00e4nn\u00f6n toimintaperiaatteita<\/strong><\/p>\n\n\n\n<p><strong>J\u00e4senyys<\/strong><\/p>\n\n\n\n<p>Pelaaja liittyy seuran j\u00e4seneksi aloittaessaan pelaamisen joukkueessa ja viimeist\u00e4\u00e4n ilmaisen tutustumisjakson j\u00e4lkeen.<\/p>\n\n\n\n<p>Joukkueenjohtaja vastaa siit\u00e4, ett\u00e4 uuden j\u00e4senen j\u00e4senmaksu laskutetaan h\u00e4nen liittyess\u00e4\u00e4n toimintaan<\/p>\n\n\n\n<ul class=\"wp-block-list\">\n<li>j\u00e4senmaksu maksetaan p\u00e4\u00e4seuran tilille ja se vahvistetaan vuosittain seuran kev\u00e4tkokouksessa\n<ul class=\"wp-block-list\">\n<li>perhej\u00e4senmaksu laskutetaan perheen vanhimmalta pelaajalta<\/li>\n<\/ul>\n<\/li>\n<\/ul>\n\n\n\n<p><strong>Peli- \/ harjoitusryhmien perustaminen \/ pelaajasiirrot (joukkue, seura)<\/strong><\/p>\n\n\n\n<p>Peli- ja harjoitusryhmi\u00e4 pyrit\u00e4\u00e4n perustamaan ik\u00e4kausittain ja tavoitteena on, ett\u00e4 pelaajat pelaavat ja harjoittelevat ensisijaisesti oman ik\u00e4luokkansa mukana. Jokaiselle pelaajalle kartoitetaan ik\u00e4\u00e4n ja taitotasoon n\u00e4hden mielek\u00e4s harjoitus- ja peliryhm\u00e4. Harjoitus- ja peliryhm\u00e4 voivat olla erit. <\/p>\n\n\n\n<p> Pelaajasiirroista joukkueiden v\u00e4lill\u00e4 sopivat valmentajat ja joukkueenjohtajat yhdess\u00e4. Siirrot muihin seuroihin tai seuroista hoidetaan seuran juniorip\u00e4\u00e4llik\u00f6n kautta.<\/p>\n\n\n\n<p><strong>Valmennuksen ja ohjauksen linjaukset<\/strong><\/p>\n\n\n\n<p>Valmennuksen ja ohjauksen linjaukset on kuvattu erillisess\u00e4 dokumentissa, joka jaetaan seuran valmentajille ja joukkueenjohtajille. Joukkueet liitt\u00e4v\u00e4t siit\u00e4 omaa toimintaansa koskevat osiot omaan kausisuunnitelmaansa.<\/p>\n\n\n\n<p><strong>J\u00e4\u00e4vuorot<\/strong><\/p>\n\n\n\n<p>Harjoitusvakiovuorot haetaan keskitetysti vuosittain Lappi Areenan ohjeistuksen mukaisesti erikseen talvikaudelle ja kes\u00e4kaudelle. Seuran j\u00e4\u00e4vuorovastaava jakaa seuran saamat vuorot joukkueille.<\/p>\n\n\n\n<p><strong>Vuosikello<\/strong><\/p>\n\n\n\n<p>Seuran vuosikello l\u00f6ytyy internetsivuilta www.napapiirinpantterit.net<\/p>\n\n\n\n<p><strong>Seurayhteisty\u00f6<\/strong><\/p>\n\n\n\n<p>Seurayhteisty\u00f6st\u00e4 p\u00e4\u00e4tet\u00e4\u00e4n erikseen seuran tarpeiden ja SJL:n ohjeiden mukaisesti. Pelikauden aikana tapahtuvat seurasiirrot hoidetaan seuran juniorip\u00e4\u00e4llik\u00f6n kautta.<\/p>\n\n\n\n<p><strong>Toimintasuunnitelma ja talousarvio<\/strong><\/p>\n\n\n\n<p>Toimintasuunnitelma ja talousarvio laaditaan vuosittain seuran kev\u00e4tkokoukseen.<\/p>\n\n\n\n<p><strong>Palkitsemiset<\/strong><\/p>\n\n\n\n<p>Seura palkitsee kauden p\u00e4\u00e4tt\u00e4j\u00e4isiss\u00e4 ansioituneita seuratoimijoita ja yhteisty\u00f6kumppaneita seuran hallituksen esityksen mukaisesti.<\/p>\n\n\n\n<p>Kauden p\u00e4\u00e4tt\u00e4j\u00e4isiss\u00e4 palkitaan ansioituneita pelaajia joukkueiden esityksen mukaisesti U13-ik\u00e4luokasta alkaen.<\/p>\n\n\n\n<ul class=\"wp-block-list\">\n<li>Joukkueet voivat omissa kauden p\u00e4\u00e4tt\u00e4j\u00e4isiss\u00e4\u00e4n palkita pelaajiaan my\u00f6s nuoremmissa ik\u00e4luokissa<\/li>\n<\/ul>\n\n\n\n<p><strong>Tiedotus<\/strong><\/p>\n\n\n\n<p>Seura tiedottaa toiminnastaan k\u00e4ytt\u00e4en myClubia ja seuran nettisivuja. Ensisijainen tiedotuskanava on myClub. Seuran toimihenkil\u00f6ill\u00e4 ja joukkueilla voi olla k\u00e4yt\u00f6ss\u00e4\u00e4n my\u00f6s muita viestint\u00e4kanavia, mutta kaikki ilmoittautumiset, laskutus ja tapahtumat hoidetaan myClubin kautta.<\/p>\n\n\n\n<p>Mahdollisissa kriisi- ja erityistilanteissa tiedottamisesta (esim. lehdet, koulut, viranomaiset) vastaa ensisijaisesti seuran puheenjohtaja, tarvittaessa varapuheenjohtaja tai tiedottaja.&nbsp;<\/p>\n\n\n\n<p><strong>Varusteet, peliasut, seura-asut, logo<\/strong><\/p>\n\n\n\n<p>Kaikesta seuran omaisuudesta on pidett\u00e4v\u00e4 hyv\u00e4\u00e4 huolta ja seuran omaisuuden lainaaminen, luovuttaminen tai myyminen on ehdottomasti kielletty\u00e4 ilman seuran lupaa.<\/p>\n\n\n\n<p>Virallisissa peliasuissa k\u00e4ytet\u00e4\u00e4n seuran omaa yhten\u00e4ist\u00e4 logoa, mallia ja v\u00e4rityst\u00e4 seuran ohjeistuksen mukaisesti. T\u00e4m\u00e4 mahdollistaa peliasujen kierr\u00e4tyksen eri ik\u00e4luokkien v\u00e4lill\u00e4. Peliasut hankitaan yhdess\u00e4 sovitusta hankintapaikasta. Joukkueet hankkivat itse koti- ja\/tai vieraspelipaidat, sek\u00e4 pelisukat. Joukkueet voivat samalla myyd\u00e4 sponsorointimainoksia peliasuun, josta saavat tuloja joukkueelle. Peliasut ovat seuran omaisuutta ja ne palautetaan kiertoon varapaidoiksi muille joukkueille, jos esimerkiksi pelaaja lopettaa harrastuksen tai hankitaan suurempi koko.<\/p>\n\n\n\n<p>Kentt\u00e4pelaajat hankkivat kaikki henkil\u00f6kohtaiset varusteensa omin kustannuksin. Lapsi- ja juniorij\u00e4\u00e4kiekkovaiheessa seura hankkii maalivahdin varusteita joukkueiden k\u00e4ytett\u00e4v\u00e4ksi. Seuran hankkimat varusteet ovat seuran omaisuutta, ja ne pit\u00e4\u00e4 palauttaa lainaamisen j\u00e4lkeen varustevarastoon tai toimia jonkin muun sovitun k\u00e4yt\u00e4nn\u00f6n mukaan.<\/p>\n\n\n\n<p>Kaikkien varusteiden tulee olla CE-turvahyv\u00e4ksyttyj\u00e4, ehji\u00e4 ja oikean kokoisia. Rikkin\u00e4isell\u00e4 varusteella pelaaminen on kielletty.<\/p>\n\n\n\n<p>Joukkueet\/ pelaajat hankkivat seura-asut, joiden ulkoasu on koko seurassa mahdollisimman yhten\u00e4inen. Joukkueet itse p\u00e4\u00e4tt\u00e4v\u00e4t sponsorointimainosten myynnin ja mainosten paikat. Joukkueet itse m\u00e4\u00e4rittelev\u00e4t miten asujen hankintahinta kustannetaan (esim. pelaajat maksavat koko summan tai joukkue maksaa osan ja pelaajat osan). Seura-asun tarkoituksena on luoda yhten\u00e4inen julkikuva seuran pelaajista ja toimihenkil\u00f6ist\u00e4. Asujen tulee olla k\u00e4ytt\u00f6tarkoitusta palveleva harjoitus- ja ottelutapahtumissa sek\u00e4 mahdollisissa edustustilaisuuksissa.<\/p>\n\n\n\n<p>Pelaajien varusteiden osalta suosittelemme kierr\u00e4tt\u00e4m\u00e4\u00e4n ja tarjoamaan pieneksi j\u00e4\u00e4vi\u00e4 pelivarusteita oman joukkueen sis\u00e4ll\u00e4 tai nuorempien ik\u00e4ryhmien pelaajille.<\/p>\n\n\n\n<p><strong>Ongelmanratkaisu<\/strong><\/p>\n\n\n\n<p>P\u00e4ivitt\u00e4iseen toimintaan liittyv\u00e4t mahdolliset ongelmatilanteet pyrit\u00e4\u00e4n ratkaisemaan ensisijaisesti joukkueiden sis\u00e4isesti ja tarvittaessa otetaan yhteytt\u00e4 seuran juniorip\u00e4\u00e4llikk\u00f6\u00f6n tai puheenjohtajaan mik\u00e4li se katsotaan tarpeelliseksi.<\/p>\n\n\n\n<p><strong>Toimintaperiaate ep\u00e4asiallisen k\u00e4yt\u00f6ksen ennaltaehk\u00e4isemiseksi<\/strong><\/p>\n\n\n\n<p>Ep\u00e4asialliseen k\u00e4yt\u00f6kseen liittyvist\u00e4 asioista ja niiden k\u00e4sittelyst\u00e4 seuralla on erillinen toimintaohje.<\/p>\n\n\n\n<p><strong>Osaamisen kehitt\u00e4minen<\/strong><\/p>\n\n\n\n<p>Uudet toimijat ohjataan ensisijaisesti j\u00e4\u00e4kiekkoliiton koulutuksiin sek\u00e4 kannustetaan osallistumaan muiden lajitoimijoiden koulutuksiin (esim. jojo-koulutukset, huoltajakoulutukset, toimitsijakoulutukset, ensiapukoulutukset). Seuran sis\u00e4isen perehdytyksen osalta uudelle toimijalle nimet\u00e4\u00e4n mentori kokeneemmista toimihenkil\u00f6ist\u00e4.<\/p>\n\n\n\n<p>Valmentajien osaamisen kehitt\u00e4minen tapahtuu seuran valmennuksen ohjauslinjauksen mukaisesti.<\/p>\n\n\n\n<p>Seura kustantaa suunnitelmassa ennalta sovittuihin koulutuksiin osallistumisen.<\/p>\n","protected":false},"excerpt":{"rendered":"<p>Seuran tiedot ja toiminnan tavoitteet Napapiirin Pantterit on Rovaniemel\u00e4inen j\u00e4\u00e4kiekkoseura, joka on perustettu vuonna 2000. Yhdistyksen tarkoituksena on edist\u00e4\u00e4 liikuntaa ja urheilua sek\u00e4 niihin liittyv\u00e4\u00e4 kansalaistoimintaa yhdistyksen toiminta-alueella siten, ett\u00e4 mahdollisimman monella on mahdollisuus harrastaa ja osallistua kunto- ja terveysliikuntaan, kilpa- ja huippu-urheiluun tai n\u00e4ihin liittyv\u00e4\u00e4n yhdistystoimintaan edellytystens\u00e4 sek\u00e4 tarpeidensa mukaisesti. Napapiirin Panttereiden ydintoimintaan kuuluvat:<\/p>\n","protected":false},"author":1,"featured_media":0,"parent":74,"menu_order":2,"comment_status":"closed","ping_status":"closed","template":"","meta":{"footnotes":""},"class_list":["post-6152","page","type-page","status-publish","hentry"],"_links":{"self":[{"href":"https:\/\/napapiirinpantterit.net\/index.php?rest_route=\/wp\/v2\/pages\/6152","targetHints":{"allow":["GET"]}}],"collection":[{"href":"https:\/\/napapiirinpantterit.net\/index.php?rest_route=\/wp\/v2\/pages"}],"about":[{"href":"https:\/\/napapiirinpantterit.net\/index.php?rest_route=\/wp\/v2\/types\/page"}],"author":[{"embeddable":true,"href":"https:\/\/napapiirinpantterit.net\/index.php?rest_route=\/wp\/v2\/users\/1"}],"replies":[{"embeddable":true,"href":"https:\/\/napapiirinpantterit.net\/index.php?rest_route=%2Fwp%2Fv2%2Fcomments&post=6152"}],"version-history":[{"count":7,"href":"https:\/\/napapiirinpantterit.net\/index.php?rest_route=\/wp\/v2\/pages\/6152\/revisions"}],"predecessor-version":[{"id":6244,"href":"https:\/\/napapiirinpantterit.net\/index.php?rest_route=\/wp\/v2\/pages\/6152\/revisions\/6244"}],"up":[{"embeddable":true,"href":"https:\/\/napapiirinpantterit.net\/index.php?rest_route=\/wp\/v2\/pages\/74"}],"wp:attachment":[{"href":"https:\/\/napapiirinpantterit.net\/index.php?rest_route=%2Fwp%2Fv2%2Fmedia&parent=6152"}],"curies":[{"name":"wp","href":"https:\/\/api.w.org\/{rel}","templated":true}]}}