{"id":6260,"date":"2023-05-17T09:06:45","date_gmt":"2023-05-17T06:06:45","guid":{"rendered":"https:\/\/napapiirinpantterit.net\/?page_id=6260"},"modified":"2025-08-03T17:59:41","modified_gmt":"2025-08-03T14:59:41","slug":"u8-juniorit","status":"publish","type":"page","link":"https:\/\/napapiirinpantterit.net\/?page_id=6260","title":{"rendered":"U8-juniorit"},"content":{"rendered":"\n<p>Napapiirin Panttereiden U8-junnut ovat kaudella 2025-2026 p\u00e4\u00e4osin 2018 syntyneit\u00e4 pelaajan alkuja (sek\u00e4 tytt\u00f6j\u00e4 ett\u00e4 poikia).<\/p>\n\n\n\n<p>U8-ik\u00e4luokalle ei ole olemassa omaa sarjatoimintaa, mutta joukkue harjoittelee yhdess\u00e4 U9-ik\u00e4luokan kanssa torstaisin ja sunnuntaisin Lappi Areenalla. <\/p>\n\n\n\n<p>My\u00f6s uudet pelaajat ovat tervetulleita joukkueeseen &#8211; meill\u00e4 voit aloittaa harrastuksen my\u00f6s kesken kauden. Mik\u00e4li lastasi kiinnostaa kiekkoilu hyv\u00e4ss\u00e4 seurassa ota yhteytt\u00e4 tai laita viesti\u00e4 lis\u00e4tietoja varten.<\/p>\n\n\n\n<p>Joukkue harjoittelee kahdesti viikossa 14.8.2025 alkaen.<\/p>\n\n\n\n<p>Torstaisin klo 17.15 Lappi Areenan Harjoitushalli 1<\/p>\n\n\n\n<p>Sunnuntaisin klo 17.30 Lappi Areenan Harjoitushalli 2<\/p>\n\n\n\n<p><\/p>\n\n\n\n<p>Ilmoittautuminen mukaan U9-joukkueen sivujen kautta <a href=\"https:\/\/napapiirinpantterit.net\/?page_id=6256\" target=\"_blank\" rel=\"noreferrer noopener\">t\u00e4st\u00e4 linkist\u00e4<\/a>.<\/p>\n\n\n\n<p>Lis\u00e4tiedot:&nbsp;<\/p>\n\n\n\n<p><br>info[\u00e4t]napapiirinpantterit.net<\/p>\n","protected":false},"excerpt":{"rendered":"<p>Napapiirin Panttereiden U8-junnut ovat kaudella 2025-2026 p\u00e4\u00e4osin 2018 syntyneit\u00e4 pelaajan alkuja (sek\u00e4 tytt\u00f6j\u00e4 ett\u00e4 poikia). U8-ik\u00e4luokalle ei ole olemassa omaa sarjatoimintaa, mutta joukkue harjoittelee yhdess\u00e4 U9-ik\u00e4luokan kanssa torstaisin ja sunnuntaisin Lappi Areenalla. My\u00f6s uudet pelaajat ovat tervetulleita joukkueeseen &#8211; meill\u00e4 voit aloittaa harrastuksen my\u00f6s kesken kauden. Mik\u00e4li lastasi kiinnostaa kiekkoilu hyv\u00e4ss\u00e4 seurassa ota yhteytt\u00e4 tai<\/p>\n","protected":false},"author":1,"featured_media":0,"parent":5,"menu_order":11,"comment_status":"closed","ping_status":"closed","template":"","meta":{"footnotes":""},"class_list":["post-6260","page","type-page","status-publish","hentry"],"_links":{"self":[{"href":"https:\/\/napapiirinpantterit.net\/index.php?rest_route=\/wp\/v2\/pages\/6260","targetHints":{"allow":["GET"]}}],"collection":[{"href":"https:\/\/napapiirinpantterit.net\/index.php?rest_route=\/wp\/v2\/pages"}],"about":[{"href":"https:\/\/napapiirinpantterit.net\/index.php?rest_route=\/wp\/v2\/types\/page"}],"author":[{"embeddable":true,"href":"https:\/\/napapiirinpantterit.net\/index.php?rest_route=\/wp\/v2\/users\/1"}],"replies":[{"embeddable":true,"href":"https:\/\/napapiirinpantterit.net\/index.php?rest_route=%2Fwp%2Fv2%2Fcomments&post=6260"}],"version-history":[{"count":8,"href":"https:\/\/napapiirinpantterit.net\/index.php?rest_route=\/wp\/v2\/pages\/6260\/revisions"}],"predecessor-version":[{"id":6964,"href":"https:\/\/napapiirinpantterit.net\/index.php?rest_route=\/wp\/v2\/pages\/6260\/revisions\/6964"}],"up":[{"embeddable":true,"href":"https:\/\/napapiirinpantterit.net\/index.php?rest_route=\/wp\/v2\/pages\/5"}],"wp:attachment":[{"href":"https:\/\/napapiirinpantterit.net\/index.php?rest_route=%2Fwp%2Fv2%2Fmedia&parent=6260"}],"curies":[{"name":"wp","href":"https:\/\/api.w.org\/{rel}","templated":true}]}}